{"id":92,"date":"2016-02-10T13:48:19","date_gmt":"2016-02-10T13:48:19","guid":{"rendered":"http:\/\/astrobel.de\/test\/?page_id=92"},"modified":"2025-04-02T12:28:57","modified_gmt":"2025-04-02T10:28:57","slug":"main-rhein-main-rundfahrt-2","status":"publish","type":"page","link":"https:\/\/rsc-edelweiss.de\/?page_id=92","title":{"rendered":"Main-Rhein-Main Rundfahrt"},"content":{"rendered":"<div id=\"content\">\n<div id=\"contentlogo\">\n<h2 style=\"text-align: left;\">Unsere Main-Rhein-Main Rundfahrt findet am<span style=\"font-size: 22px;\"> 27. Juli 2025 statt.<\/span><\/h2>\n<p><span style=\"font-size: inherit;\">Im vergangenen Jahr mussten wir kurzfristig den Termin in den September verlegen. Dieses Jahr ist aber wieder alles beim Alten.<\/span><\/p>\n<p><span style=\"font-size: inherit;\">Es wird 5 Strecken geben: bei der 41er und 74er Strecke bleibt man sicher auf der rechten Rheinseite. Wer sich aufs Schiff \u00fcber den Rhein wagt, hat Strecken mit 113km oder 151km zur Auswahl. \u00a0Wer dann noch mehr rheinhessisches H\u00fcgelland besichtigen will, ist herzlich eingeladen unseren Marathon mit 220km zu fahren. Hier gibt es von allem mehr: mehr Kilometer, mehr H\u00f6henmeter und mehr Verpflegung. Du hast die Wahl.<\/span><\/p>\n<p>Alle Infos weiter unten.\u00a0<\/p>\n<p>Strecken\u00fcbersicht:<\/p>\n<figure id=\"attachment_1841\" aria-describedby=\"caption-attachment-1841\" style=\"width: 474px\" class=\"wp-caption alignnone\"><a href=\"http:\/\/rsc-edelweiss.de\/wp-content\/uploads\/2018\/08\/karte_mit-logos.jpg\" target=\"_blank\" rel=\"noopener\"><img loading=\"lazy\" decoding=\"async\" class=\"wp-image-1841 size-large\" src=\"http:\/\/rsc-edelweiss.de\/wp-content\/uploads\/2018\/08\/karte_mit-logos-1024x416.jpg\" alt=\"\u00dcbersicht Strecken\" width=\"474\" height=\"193\" srcset=\"https:\/\/rsc-edelweiss.de\/wp-content\/uploads\/2018\/08\/karte_mit-logos-1024x416.jpg 1024w, https:\/\/rsc-edelweiss.de\/wp-content\/uploads\/2018\/08\/karte_mit-logos-300x122.jpg 300w, https:\/\/rsc-edelweiss.de\/wp-content\/uploads\/2018\/08\/karte_mit-logos-768x312.jpg 768w, https:\/\/rsc-edelweiss.de\/wp-content\/uploads\/2018\/08\/karte_mit-logos.jpg 1915w\" sizes=\"(max-width: 474px) 100vw, 474px\" \/><\/a><figcaption id=\"caption-attachment-1841\" class=\"wp-caption-text\">Die Qual der Wahl<\/figcaption><\/figure>\n<p>&nbsp;<\/p>\n<table id=\"allgbed\" style=\"height: 1232px;\" summary=\"Allgemeine Bedingungen\" width=\"505\">\n<tbody>\n<tr>\n<td>Veranstaltungstag:<\/td>\n<td><strong>Sonntag, 27. Juli 2025<\/strong><\/td>\n<\/tr>\n<tr>\n<td>Start und Ziel:<\/td>\n<td><a href=\"http:\/\/rsc-edelweiss.de\/?attachment_id=787\" target=\"_blank\" rel=\"noopener noreferrer\">60528 Frankfurt-Niederrad, Sportanlage Hahnstra\u00dfe 76<\/a><\/td>\n<\/tr>\n<tr>\n<td>Startzeit:<\/td>\n<td>\n<p>Marathon (220km) 6:00h &#8211; 7:00h. \u00a0 \u00a0 \u00a0 \u00a0 Tour(151km) 7:00-9:00 Uhr<br \/>Alle anderen Touren: 7:00-10:00 Uhr<\/p>\n<\/td>\n<\/tr>\n<tr>\n<td>Kontrollschluss:<\/td>\n<td>16:00 Uhr.<\/td>\n<\/tr>\n<tr>\n<td>Startgeld:<\/td>\n<td>\n<p>RTF 48km und 70km: 6,00\u20ac mit BDR-Lizenz; 8,00\u20ac ohne BDR-Lizenz. <span style=\"color: #ff0000;\">Wegen der gestiegenen Kosten f\u00fcr die F\u00e4hr\u00fcberfahrt erheben wir nur f\u00fcr die l\u00e4ngeren Strecken 117km und 151km einen Aufschlag von je 2,00\u20ac.<\/span><\/p>\n<p><strong>Marathon 220km<\/strong> bei Voranmeldung 20\u20ac, an der Tageskasse 25\u20ac jeweils inkl. F\u00e4hre und zus\u00e4tzliche Verpflegung.<\/p>\n<\/td>\n<\/tr>\n<tr>\n<td>Gruppen-Voranmeldung:<\/td>\n<td>Voranmeldung f\u00fcr Marathon mit \u00dcberweisung auf folgendes Konto:<br \/>RSC Edelweiss<br \/>IBAN: DE37 5005 0201 0200 5254 41<br \/>BIC: HELADEF1822<br \/><strong>Name<\/strong> und falls vorhanden<strong>\u00a0Lizenznummer<\/strong> aus der BDR App angeben. Die Startunterlagen liegen dann am Start f\u00fcr euch bereit.<\/td>\n<\/tr>\n<tr>\n<td>Anmeldung:<\/td>\n<td>am Start immer m\u00f6glich.<\/td>\n<\/tr>\n<tr>\n<td>Fragen zur Gruppenanmeldung:<\/td>\n<td>0172 \/ 9 03 25 72 \u00a0Michael Wernig,<a href=\"mailto:info@rsc-edelweiss.de\">\u00a0info@rsc-edelweiss.de<\/a><\/td>\n<\/tr>\n<tr>\n<td>Meldeschluss:<\/td>\n<td>23. Juli 2025<\/td>\n<\/tr>\n<tr>\n<td>Gruppenpreise:<\/td>\n<td>Es gibt keine Gruppenpreise mehr:(<\/td>\n<\/tr>\n<tr>\n<td>Waschgelegenheit:<\/td>\n<td>Am Ziel vorhanden.<\/td>\n<\/tr>\n<tr>\n<td>Versicherung:<\/td>\n<td>Jeder Teilnehmer f\u00e4hrt auf eigene Rechnung und Gefahr. Gefahren wird nach der StVO und den Bedingungen des BDR f\u00fcr das Radtourenfahren.<br \/><strong>Bei Veranstaltungen im Rahmen des BDR besteht Helmpflicht!<\/strong><\/td>\n<\/tr>\n<tr>\n<td>R\u00fcckennummern:<\/td>\n<td>Dazu gibt es noch keine klaren Vorgaben<\/td>\n<\/tr>\n<tr>\n<td>Startkarte:<\/td>\n<td>Wird am Start ausgegeben und gilt als <strong>Fahrausweis f\u00fcr die F\u00e4hr\u00fcberfahrt<\/strong>.<\/td>\n<\/tr>\n<tr>\n<td>Verpflegung:<\/td>\n<td>Gratisgetr\u00e4nke, Obst und Snacks an den Kontrollstellen. <strong>Bitte Trinkflaschen mitbringen<\/strong>.<\/td>\n<\/tr>\n<tr>\n<td>Ausk\u00fcnfte:<\/td>\n<td>0172 \/ 9 03 25 72 \u00a0<a href=\"mailto:info@rsc-edelweiss.de\">info@rsc-edelweiss.de<\/a><\/td>\n<\/tr>\n<tr>\n<td>Besonderes:<\/td>\n<td>Beim Marathon, der 151km- und der 117km-Tour freie F\u00e4hr\u00fcberfahrt. <strong>(!!Startkarte gilt als Fahrschein!!) <\/strong><strong>Abfahrtszeiten F\u00e4hre: 7.10h, 7.30h, 7.50h, 8.10h, 8.30h, 8.50h, 9.10h,&#8230;..<br \/><\/strong>Vom Start bis zum F\u00e4hrhafen sind es 42km. Es gibt wenige Ampeln und eine Kontrolle in Gro\u00df-Gerau.<\/td>\n<\/tr>\n<\/tbody>\n<\/table>\n<h3>GPS Daten<\/h3>\n<p><a href=\"https:\/\/rsc-edelweiss.de\/?page_id=2394\"><img loading=\"lazy\" decoding=\"async\" class=\"alignnone size-full wp-image-867\" src=\"http:\/\/rsc-edelweiss.de\/wp-content\/uploads\/2016\/02\/wegweiser_rot.jpg\" alt=\"\" width=\"1000\" height=\"242\" srcset=\"https:\/\/rsc-edelweiss.de\/wp-content\/uploads\/2016\/02\/wegweiser_rot.jpg 1000w, https:\/\/rsc-edelweiss.de\/wp-content\/uploads\/2016\/02\/wegweiser_rot-300x73.jpg 300w, https:\/\/rsc-edelweiss.de\/wp-content\/uploads\/2016\/02\/wegweiser_rot-768x186.jpg 768w\" sizes=\"(max-width: 1000px) 100vw, 1000px\" \/><\/a>Alle Strecken werden mit Wegweisern ausgeschildert. F\u00fcr alle, die den Wegverlauf auf dem GPS Ger\u00e4t mitverfolgen wollen: <a href=\"https:\/\/rsc-edelweiss.de\/?page_id=2394\" target=\"_blank\" rel=\"noopener\">Hier<\/a> k\u00f6nnen die Streckendaten heruntergeladen werden.<\/p>\n<\/div>\n<\/div>\n<div id=\"content\">\n<div id=\"contentlogo\">\n<h3 id=\"Streckenplan\">Streckenplan<\/h3>\n<table id=\"rtf\" summary=\"Streckenplan\">\n<tbody>\n<tr>\n<th class=\"tablefirst\">\u00a0<\/th>\n<th>H\u00f6he<br \/>(m)<\/th>\n<th>Marathon<br \/>(km)<\/th>\n<th>Tour 150<br \/>(km)<\/th>\n<th>Tour 110<br \/>(km)<\/th>\n<th>Tour 70<br \/>(km)<\/th>\n<th>Tour 40<br \/>(km)<\/th>\n<\/tr>\n<tr class=\"kp\">\n<td class=\"ort\">F-Niederrad Start<\/td>\n<td>100,0<\/td>\n<td>0,0<\/td>\n<td>0,0<\/td>\n<td>0,0<\/td>\n<td>0,0<\/td>\n<td>0,0<\/td>\n<\/tr>\n<tr>\n<td class=\"ort\">Neu Isenburg<\/td>\n<td>122,0<\/td>\n<td>5,0<\/td>\n<td>5,0<\/td>\n<td>5,0<\/td>\n<td>5,0<\/td>\n<td>5,0<\/td>\n<\/tr>\n<tr>\n<td class=\"ort\">Zeppelinheim<\/td>\n<td>120,0<\/td>\n<td>11,0<\/td>\n<td>11,0<\/td>\n<td>11,0<\/td>\n<td>11,0<\/td>\n<td>11,0<\/td>\n<\/tr>\n<tr>\n<td class=\"ort\">Walldorf<\/td>\n<td>107,0<\/td>\n<td>12,5<\/td>\n<td>12,5<\/td>\n<td>12,5<\/td>\n<td>12,5<\/td>\n<td>12,5<\/td>\n<\/tr>\n<tr>\n<td class=\"ort\">M\u00f6rfelden<\/td>\n<td>101,0<\/td>\n<td>16,5<\/td>\n<td>16,5<\/td>\n<td>16,5<\/td>\n<td>16,5<\/td>\n<td>\u00a0<\/td>\n<\/tr>\n<tr class=\"kp\">\n<td class=\"ort\">Gro\u00df Gerau KP<\/td>\n<td>90,0<\/td>\n<td>25,5<\/td>\n<td>25,5<\/td>\n<td>25,5<\/td>\n<td>25,5<\/td>\n<td>\u00a0<\/td>\n<\/tr>\n<tr>\n<td class=\"ort\">Geinsheim<\/td>\n<td>90,0<\/td>\n<td>34,5<\/td>\n<td>34,5<\/td>\n<td>34,5<\/td>\n<td>\u00a0<\/td>\n<td>\u00a0<\/td>\n<\/tr>\n<tr>\n<td class=\"ort\">Kornsand F\u00e4hre<\/td>\n<td>90,0<\/td>\n<td>38,0<\/td>\n<td>38,0<\/td>\n<td>38,0<\/td>\n<td>\u00a0<\/td>\n<td>\u00a0<\/td>\n<\/tr>\n<tr>\n<td class=\"ort\">Nierstein<\/td>\n<td>90,0<\/td>\n<td>\u00a0<\/td>\n<td>\u00a0<\/td>\n<td>39,5<\/td>\n<td>\u00a0<\/td>\n<td>\u00a0<\/td>\n<\/tr>\n<tr>\n<td class=\"ort\">Schwabsburg<\/td>\n<td>140,0<\/td>\n<td>\u00a0<\/td>\n<td>\u00a0<\/td>\n<td>42,0<\/td>\n<td>\u00a0<\/td>\n<td>\u00a0<\/td>\n<\/tr>\n<tr>\n<td class=\"ort\">Mommenheim<\/td>\n<td>145,0<\/td>\n<td>\u00a0<\/td>\n<td>\u00a0<\/td>\n<td>46,5<\/td>\n<td>\u00a0<\/td>\n<td>\u00a0<\/td>\n<\/tr>\n<tr>\n<td class=\"ort\">Harxheim<\/td>\n<td>150,0<\/td>\n<td>\u00a0<\/td>\n<td>\u00a0<\/td>\n<td>49,0<\/td>\n<td>\u00a0<\/td>\n<td>\u00a0<\/td>\n<\/tr>\n<tr>\n<td class=\"ort\">Oppenheim<\/td>\n<td>90,0<\/td>\n<td>39,5<\/td>\n<td>39,5<\/td>\n<td>\u00a0<\/td>\n<td>\u00a0<\/td>\n<td>\u00a0<\/td>\n<\/tr>\n<tr>\n<td class=\"ort\">Dienheim<\/td>\n<td>85,0<\/td>\n<td>42,5<\/td>\n<td>42,5<\/td>\n<td>\u00a0<\/td>\n<td>\u00a0<\/td>\n<td>\u00a0<\/td>\n<\/tr>\n<tr>\n<td class=\"ort\">Uelversheim<\/td>\n<td>185,0<\/td>\n<td>47,5<\/td>\n<td>47,5<\/td>\n<td>\u00a0<\/td>\n<td>\u00a0<\/td>\n<td>\u00a0<\/td>\n<\/tr>\n<tr>\n<td class=\"ort\">Eimsheim<\/td>\n<td>190,0<\/td>\n<td>49,5<\/td>\n<td>49,5<\/td>\n<td>\u00a0<\/td>\n<td>\u00a0<\/td>\n<td>\u00a0<\/td>\n<\/tr>\n<tr>\n<td class=\"ort\">Wintersheim<\/td>\n<td>200,0<\/td>\n<td>52,0<\/td>\n<td>52,0<\/td>\n<td>\u00a0<\/td>\n<td>\u00a0<\/td>\n<td>\u00a0<\/td>\n<\/tr>\n<tr class=\"kp\">\n<td class=\"ort\">Gau Odernheim KP<\/td>\n<td>150,0<\/td>\n<td>60,5<\/td>\n<td>60,5<\/td>\n<td>\u00a0<\/td>\n<td>\u00a0<\/td>\n<td>\u00a0<\/td>\n<\/tr>\n<tr>\n<td class=\"ort\">Schafhausen<\/td>\n<td>170,0<\/td>\n<td>65,5<\/td>\n<td>\u00a0<\/td>\n<td>\u00a0<\/td>\n<td>\u00a0<\/td>\n<td>\u00a0<\/td>\n<\/tr>\n<tr>\n<td class=\"ort\">Albig<\/td>\n<td>180,0<\/td>\n<td>69,5<\/td>\n<td>\u00a0<\/td>\n<td>\u00a0<\/td>\n<td>\u00a0<\/td>\n<td>\u00a0<\/td>\n<\/tr>\n<tr>\n<td class=\"ort\">Erbes-B\u00fcdesheim<\/td>\n<td>280,0<\/td>\n<td>76,6<\/td>\n<td>\u00a0<\/td>\n<td>\u00a0<\/td>\n<td>\u00a0<\/td>\n<td>\u00a0<\/td>\n<\/tr>\n<tr>\n<td class=\"ort\">Wendelsheim<\/td>\n<td>180,0<\/td>\n<td>84,5<\/td>\n<td>\u00a0<\/td>\n<td>\u00a0<\/td>\n<td>\u00a0<\/td>\n<td>\u00a0<\/td>\n<\/tr>\n<tr class=\"kp\">\n<td class=\"ort\">Stein-Bockenheim KP<\/td>\n<td>190,0<\/td>\n<td>90,0<\/td>\n<td>\u00a0<\/td>\n<td>\u00a0<\/td>\n<td>\u00a0<\/td>\n<td>\u00a0<\/td>\n<\/tr>\n<tr>\n<td class=\"ort\">Kriegsfeld<\/td>\n<td>330,0<\/td>\n<td>98,5<\/td>\n<td>\u00a0<\/td>\n<td>\u00a0<\/td>\n<td>\u00a0<\/td>\n<td>\u00a0<\/td>\n<\/tr>\n<tr>\n<td class=\"ort\">Nieder-Wiesen<\/td>\n<td>218,0<\/td>\n<td>105,0<\/td>\n<td>\u00a0<\/td>\n<td>\u00a0<\/td>\n<td>\u00a0<\/td>\n<td>\u00a0<\/td>\n<\/tr>\n<tr>\n<td class=\"ort\">Mauchenheim<\/td>\n<td>230,0<\/td>\n<td>110,5<\/td>\n<td>\u00a0<\/td>\n<td>\u00a0<\/td>\n<td>\u00a0<\/td>\n<td>\u00a0<\/td>\n<\/tr>\n<tr>\n<td class=\"ort\">Freimersheim<\/td>\n<td>250,0<\/td>\n<td>116,0<\/td>\n<td>\u00a0<\/td>\n<td>\u00a0<\/td>\n<td>\u00a0<\/td>\n<td>\u00a0<\/td>\n<\/tr>\n<tr class=\"kp\">\n<td class=\"ort\">Gau Odernheim KP<\/td>\n<td>150,0<\/td>\n<td>128,0<\/td>\n<td>\u00a0<\/td>\n<td>\u00a0<\/td>\n<td>\u00a0<\/td>\n<td>\u00a0<\/td>\n<\/tr>\n<tr>\n<td class=\"ort\">Bechtolsheim<\/td>\n<td>140,0<\/td>\n<td>132,0<\/td>\n<td>63,0<\/td>\n<td>\u00a0<\/td>\n<td>\u00a0<\/td>\n<td>\u00a0<\/td>\n<\/tr>\n<tr>\n<td class=\"ort\">Undenheim<\/td>\n<td>135,0<\/td>\n<td>138,0<\/td>\n<td>69,0<\/td>\n<td>\u00a0<\/td>\n<td>\u00a0<\/td>\n<td>\u00a0<\/td>\n<\/tr>\n<tr>\n<td class=\"ort\">K\u00f6ngernheim<\/td>\n<td>125,0<\/td>\n<td>140,0<\/td>\n<td>71,0<\/td>\n<td>\u00a0<\/td>\n<td>\u00a0<\/td>\n<td>\u00a0<\/td>\n<\/tr>\n<tr>\n<td class=\"ort\">Hahnheim<\/td>\n<td>126,0<\/td>\n<td>142,0<\/td>\n<td>73,0<\/td>\n<td>\u00a0<\/td>\n<td>\u00a0<\/td>\n<td>\u00a0<\/td>\n<\/tr>\n<tr>\n<td class=\"ort\">Wahlheimer Hof<\/td>\n<td>126,0<\/td>\n<td>143,0<\/td>\n<td>74,0<\/td>\n<td>\u00a0<\/td>\n<td>\u00a0<\/td>\n<td>\u00a0<\/td>\n<\/tr>\n<tr>\n<td class=\"ort\">Zornheimer Berg<\/td>\n<td>240,0<\/td>\n<td>144,5<\/td>\n<td>75,5<\/td>\n<td>\u00a0<\/td>\n<td>\u00a0<\/td>\n<td>\u00a0<\/td>\n<\/tr>\n<tr>\n<td class=\"ort\">Zornheim<\/td>\n<td>220,0<\/td>\n<td>145,5<\/td>\n<td>76,5<\/td>\n<td>\u00a0<\/td>\n<td>\u00a0<\/td>\n<td>\u00a0<\/td>\n<\/tr>\n<tr>\n<td class=\"ort\">Ebersheim<\/td>\n<td>193,0<\/td>\n<td>148,5<\/td>\n<td>79,5<\/td>\n<td>\u00a0<\/td>\n<td>\u00a0<\/td>\n<td>\u00a0<\/td>\n<\/tr>\n<tr>\n<td class=\"ort\">Ebersheim Bundesstra\u00dfe<\/td>\n<td>200,0<\/td>\n<td>150,5<\/td>\n<td>81,5<\/td>\n<td>50,5<\/td>\n<td>\u00a0<\/td>\n<td>\u00a0<\/td>\n<\/tr>\n<tr class=\"kp\">\n<td class=\"ort\">Hechtsheim KP<\/td>\n<td>150,0<\/td>\n<td>155,5<\/td>\n<td>86,5<\/td>\n<td>55,5<\/td>\n<td>\u00a0<\/td>\n<td>\u00a0<\/td>\n<\/tr>\n<tr>\n<td class=\"ort\">Laubenheimer H\u00f6he<\/td>\n<td>185,0<\/td>\n<td>157,5<\/td>\n<td>88,5<\/td>\n<td>57,5<\/td>\n<td>\u00a0<\/td>\n<td>\u00a0<\/td>\n<\/tr>\n<tr>\n<td class=\"ort\">Laubenheim<\/td>\n<td>90,0<\/td>\n<td>159,5<\/td>\n<td>90,5<\/td>\n<td>59,5<\/td>\n<td>\u00a0<\/td>\n<td>\u00a0<\/td>\n<\/tr>\n<tr>\n<td class=\"ort\">Weisenauer Br\u00fccke<\/td>\n<td>110,0<\/td>\n<td>161,0<\/td>\n<td>92,0<\/td>\n<td>61,0<\/td>\n<td>\u00a0<\/td>\n<td>\u00a0<\/td>\n<\/tr>\n<tr>\n<td class=\"ort\">Ginsheim<\/td>\n<td>85,0<\/td>\n<td>164,0<\/td>\n<td>95,0<\/td>\n<td>64,0<\/td>\n<td>\u00a0<\/td>\n<td>\u00a0<\/td>\n<\/tr>\n<tr>\n<td class=\"ort\">Bauschheim<\/td>\n<td>85,0<\/td>\n<td>167,0<\/td>\n<td>98,0<\/td>\n<td>67,0<\/td>\n<td>\u00a0<\/td>\n<td>\u00a0<\/td>\n<\/tr>\n<tr>\n<td class=\"ort\">K\u00f6nigst\u00e4dten Kreuzung<\/td>\n<td>85,0<\/td>\n<td>172,0<\/td>\n<td>103,0<\/td>\n<td>72,0<\/td>\n<td>32,0<\/td>\n<td>\u00a0<\/td>\n<\/tr>\n<tr>\n<td class=\"ort\">K\u00f6nigst\u00e4dten<\/td>\n<td>90,0<\/td>\n<td>173,5<\/td>\n<td>104,5<\/td>\n<td>73,5<\/td>\n<td>33,5<\/td>\n<td>\u00a0<\/td>\n<\/tr>\n<tr>\n<td class=\"ort\">R\u00dc &#8211; Ha\u00dfloch<\/td>\n<td>90,0<\/td>\n<td>177,5<\/td>\n<td>108,5<\/td>\n<td>77,5<\/td>\n<td>37,5<\/td>\n<td>\u00a0<\/td>\n<\/tr>\n<tr>\n<td class=\"ort\">Bundesstra\u00dfe B 486<\/td>\n<td>90,0<\/td>\n<td>178,5<\/td>\n<td>109,5<\/td>\n<td>78,5<\/td>\n<td>38,5<\/td>\n<td>\u00a0<\/td>\n<\/tr>\n<tr>\n<td class=\"ort\">M\u00f6rfelden<\/td>\n<td>101,0<\/td>\n<td>186,5<\/td>\n<td>117,5<\/td>\n<td>86,5<\/td>\n<td>46,5<\/td>\n<td>\u00a0<\/td>\n<\/tr>\n<tr class=\"kp\">\n<td class=\"ort\">Walldorf KP<\/td>\n<td>107,0<\/td>\n<td>192,0<\/td>\n<td>123,0<\/td>\n<td>92,0<\/td>\n<td>52,0<\/td>\n<td>14,5<\/td>\n<\/tr>\n<tr>\n<td class=\"ort\">Flughafen Tunnel<\/td>\n<td>105,0<\/td>\n<td>196,0<\/td>\n<td>127,0<\/td>\n<td>96,0<\/td>\n<td>56,0<\/td>\n<td>18,5<\/td>\n<\/tr>\n<tr>\n<td class=\"ort\">Kelsterbach<\/td>\n<td>107,0<\/td>\n<td>204,0<\/td>\n<td>135,0<\/td>\n<td>104,0<\/td>\n<td>64,0<\/td>\n<td>26,5<\/td>\n<\/tr>\n<tr>\n<td class=\"ort\">F &#8211; Schwanheim<\/td>\n<td>102,0<\/td>\n<td>208,0<\/td>\n<td>139,0<\/td>\n<td>108,0<\/td>\n<td>68,0<\/td>\n<td>30,5<\/td>\n<\/tr>\n<tr>\n<td class=\"ort\">F &#8211; Goldstein<\/td>\n<td>102,0<\/td>\n<td>210,5<\/td>\n<td>141,5<\/td>\n<td>110,5<\/td>\n<td>70,5<\/td>\n<td>33,0<\/td>\n<\/tr>\n<tr class=\"kp\">\n<td class=\"ort\">F &#8211; Niederrad Ziel<\/td>\n<td>100,0<\/td>\n<td>213,5<\/td>\n<td>144,5<\/td>\n<td>113,5<\/td>\n<td>73,5<\/td>\n<td>36,0<\/td>\n<\/tr>\n<\/tbody>\n<\/table>\n<h3 id=\"Hoehenprofile\">\u00a0<\/h3>\n<\/div>\n<\/div>\n\n\n<h2 class=\"wp-block-heading\"><\/h2>\n","protected":false},"excerpt":{"rendered":"<p>Unsere Main-Rhein-Main Rundfahrt findet am 27. Juli 2025 statt. Im vergangenen Jahr mussten wir kurzfristig den Termin in den September verlegen. Dieses Jahr ist aber wieder alles beim Alten. Es wird 5 Strecken geben: bei der 41er und 74er Strecke bleibt man sicher auf der rechten Rheinseite. Wer sich aufs Schiff \u00fcber den Rhein wagt, &hellip; <a href=\"https:\/\/rsc-edelweiss.de\/?page_id=92\" class=\"more-link\"><span class=\"screen-reader-text\">Main-Rhein-Main Rundfahrt<\/span> weiterlesen <span class=\"meta-nav\">&rarr;<\/span><\/a><\/p>\n","protected":false},"author":7,"featured_media":1759,"parent":13,"menu_order":7,"comment_status":"open","ping_status":"closed","template":"page-templates\/full-width.php","meta":{"footnotes":""},"_links":{"self":[{"href":"https:\/\/rsc-edelweiss.de\/index.php?rest_route=\/wp\/v2\/pages\/92"}],"collection":[{"href":"https:\/\/rsc-edelweiss.de\/index.php?rest_route=\/wp\/v2\/pages"}],"about":[{"href":"https:\/\/rsc-edelweiss.de\/index.php?rest_route=\/wp\/v2\/types\/page"}],"author":[{"embeddable":true,"href":"https:\/\/rsc-edelweiss.de\/index.php?rest_route=\/wp\/v2\/users\/7"}],"replies":[{"embeddable":true,"href":"https:\/\/rsc-edelweiss.de\/index.php?rest_route=%2Fwp%2Fv2%2Fcomments&post=92"}],"version-history":[{"count":129,"href":"https:\/\/rsc-edelweiss.de\/index.php?rest_route=\/wp\/v2\/pages\/92\/revisions"}],"predecessor-version":[{"id":2893,"href":"https:\/\/rsc-edelweiss.de\/index.php?rest_route=\/wp\/v2\/pages\/92\/revisions\/2893"}],"up":[{"embeddable":true,"href":"https:\/\/rsc-edelweiss.de\/index.php?rest_route=\/wp\/v2\/pages\/13"}],"wp:featuredmedia":[{"embeddable":true,"href":"https:\/\/rsc-edelweiss.de\/index.php?rest_route=\/wp\/v2\/media\/1759"}],"wp:attachment":[{"href":"https:\/\/rsc-edelweiss.de\/index.php?rest_route=%2Fwp%2Fv2%2Fmedia&parent=92"}],"curies":[{"name":"wp","href":"https:\/\/api.w.org\/{rel}","templated":true}]}}